{"id":706,"date":"2025-02-07T11:42:12","date_gmt":"2025-02-07T10:42:12","guid":{"rendered":"https:\/\/sputnik.guv.tu-berlin.de\/wordpress\/?page_id=706"},"modified":"2025-02-11T17:10:36","modified_gmt":"2025-02-11T16:10:36","slug":"regelmaessige-veranstaltungen","status":"publish","type":"page","link":"https:\/\/sputnik.guv.tu-berlin.de\/wordpress\/regelmaessige-veranstaltungen\/","title":{"rendered":"Regelm\u00e4\u00dfige Veranstaltungen"},"content":{"rendered":"\n<p>Damit Euch auf dem Campus und in eurem Studi-Leben nicht langweilig wird, planen wir reichlich Veranstaltungen, viele davon zusammen mit anderen Initiativen.<\/p>\n\n\n\n<details class=\"wp-block-details is-layout-flow wp-block-details-is-layout-flow\"><summary><strong>Wahlen zu den akademischen Gremien der TU Berlin<\/strong> <strong>&#8211; Januar<\/strong><\/summary>\n<p>Im Januar finden stets die Wahlen zu dem Gremien der TU Berlin statt, die auf 2 Jahre gew\u00e4hlt werden. So werden in ungeraden Jahren die Institutsr\u00e4te gew\u00e4hlt, wobei sich Sputnik f\u00fcr den Rat des Instituts f\u00fcr Luft- und Raumfahrt aufstellt und zuletzt erfolgreich gew\u00e4hlt wurde. In geraden Jahren finden hingegen die Wahlen zum Akademischen Senat (AS), zum Kuratorium und zum Fakult\u00e4tsrat statt. F\u00fcr den Akademischen Senat kandidiert Sputnik dabei meist mit einem Listenzusammenschluss mit einer Initiative anderen Fakult\u00e4t, zuletzt war dies das Fachschaftsteam der Fakult\u00e4t VII. F\u00fcr den Fakult\u00e4tsrat der Fakult\u00e4t V wird sich auch stets beworben, zuletzt wie auch beim AS erfolgreich.<\/p>\n<\/details>\n\n\n\n<details class=\"wp-block-details is-layout-flow wp-block-details-is-layout-flow\"><summary><strong>European Aerostudent Games &#8211; M\u00e4rz<\/strong><\/summary>\n<p>F\u00fcr Studierende der Luft- und Raumfahrt sowie der Ingenieurwissenschaften der TU Berlin sowie weiterer Universit\u00e4ten des <a href=\"https:\/\/www.pegasus-europe.org\/members\/\" data-type=\"link\" data-id=\"https:\/\/www.pegasus-europe.org\/members\/\">Pegasus-Netzwerks<\/a> finden j\u00e4hrlich die <a href=\"https:\/\/european-aerostudent-games.com\/\" data-type=\"link\" data-id=\"https:\/\/european-aerostudent-games.com\/\">European-Aerostudent-Games<\/a> in Toulouse statt. Dabei k\u00f6nnen Studierende als Wettk\u00e4mpfer*innen in verschiedenen Individual- und Teamsportarten drei Tage lang mit- und gegeneinander  antreten. Zus\u00e4tzlich gibt es ein Rahmenprogramm aus musikalischer Unterhaltung, Club-Abend und Essen auf dem Campus. Die Planung dazu startet meist zu Beginn des Jahres und wird \u00fcber die Instagram-Kan\u00e4le von Sputnik und BEARS beworben. Dazu finden meist Informationsveranstaltungen statt, wobei die vertiefte Planung individuell erfolgt.<\/p>\n<\/details>\n\n\n\n<details class=\"wp-block-details is-layout-flow wp-block-details-is-layout-flow\"><summary><strong>Erstsemestereinf\u00fchrung ins SoSe &#8211; April <\/strong><\/summary>\n<p>In der Erstsemestereinf\u00fchrung (ESE) wird Neulingen der Fakult\u00e4t V die Uni und das Studium erkl\u00e4rt sowie ein unterst\u00fctzender Einstieg in das 1. Semester erm\u00f6glicht. Organisiert wird das ganze \u00fcberwiegend von der Studienfachberatung der Fakult\u00e4t V, wobei die Initiativen EB104 und Sputnik das ganze personell und inhaltlich unterst\u00fctzen. <br>Traditionell in der 1. Vorlesungswoche erhalten die Erstsemesterler*innen Einblick in die Organisation auf dem Campus, Einblick in die Pr\u00fcfungs- und Tutorienanmeldungen und lernen den Umgang mit den Websiten der TU Berlin. Dazu gibt es F\u00fchrungen durch die Institute und Fachgebiete, die an daf\u00fcr ihre T\u00fcren \u00f6ffnen und Pr\u00fcfst\u00e4nde und Testeinrichtungen zeigen, um einen Einblick in m\u00f6gliche Vertiefungsrichtungen zu geben,<br>Die ESE ist auch immer eine gute erste M\u00f6glichkeit Kommilliton*innen und Freunde zu finden, die einen durchs Studium begleiten. <br>Am Donnerstag der ESE findet unsere Auftaktsitzung statt, in der wir f\u00fcr alle Interessenten unsere Arbeit ausf\u00fchrlich erkl\u00e4ren und uns bei einem leckeren Kaltgetr\u00e4nk kennenlernen k\u00f6nnen. Dies ist f\u00fcr Euch der perfekte Einstieg in die Mitarbeit bei uns.<br>Dazu bietet auch das ILR F\u00fchrungen im Rahmen der ESE f\u00fcr die Neulinge an der TU Berlin an, wobei wir Euch die Pr\u00fcf- und Testst\u00e4nde im ILR sowie aktuell laufende Projekte vorstellen.<br>So wie f\u00fcr die meisten gr\u00f6\u00dferen Events suchen wir bei der ESE immer nach helfenden H\u00e4nden, die Anderen den Studienstart aus eigenen Erfahrungen erkl\u00e4ren und den Neulingen bei diesem Start helfen, sowie Fragen kl\u00e4ren und Sorgen abnehmen.<\/p>\n<\/details>\n\n\n\n<details class=\"wp-block-details is-layout-flow wp-block-details-is-layout-flow\"><summary><strong>Semesterauftaktparty &#8211; April<\/strong><\/summary>\n<p>Den Abschluss der ESE bildet die Semesterauftaktparty (SAP) meist am Freitag der 2. Vorlesungswoche. Dabei schlie\u00dfen sich das EB104, Sputnik und der TuDo Makerspace zusammen um eine epische Party zu feiern. Dies ist vor Allem f\u00fcr Neulinge an der Uni ein guter Tag f\u00fcr Vernetzung und zum Kennenlernen neuer Freunde. Dazu freuen sich die beteiligten Initiativen stets \u00fcber helfende H\u00e4nde und Unterst\u00fctzung bei Auf- und Abbau, Planung und Durchf\u00fchrung. Entlohnt werden Ihr bei Mithilfe mit Freigetr\u00e4nken.<\/p>\n<\/details>\n\n\n\n<details class=\"wp-block-details is-layout-flow wp-block-details-is-layout-flow\"><summary><strong>Vollversammlung und Wahlen &#8211; Juni<\/strong><\/summary>\n<p>Meist im Juni findet die j\u00e4hrliche Vollversammlung statt, auf der Sputnik einen neuen Vorstand w\u00e4hlt. Dabei wird das vergangene Jahr reflektiert und sich \u00fcberlegt was im Folgejahr ansteht und bew\u00e4ltigt werden will.<\/p>\n<\/details>\n\n\n\n<details class=\"wp-block-details is-layout-flow wp-block-details-is-layout-flow\"><summary><strong>Lange Nacht der Wissenschaften &#8211; Juni<\/strong><\/summary>\n<p>Bei der <a href=\"https:\/\/www.langenachtderwissenschaften.de\/\">LNdW <\/a>versorgt Sputnik das Haus der Luft- und Raumfahrt \u00fcber den Abend hinweg mit Essen, Eis und Getr\u00e4nken und steht Interessierten mit Wort und Rat zur Seite. Damit unters\u00fctzen wir auch das Haus und die Projekte der Luft- und Raumfahrt, die sich an diesem Abend pr\u00e4sentieren, um Neulinge und Profis von der Arbeit in den spannenden Themen zu begeistern.<\/p>\n<\/details>\n\n\n\n<details class=\"wp-block-details is-layout-flow wp-block-details-is-layout-flow\"><summary><strong>Wahlen zum Studierendenparlament der TU Berlin &#8211; Juli<\/strong><\/summary>\n<p>Im Juli finden stets die Wahlen zum Studierendenparlament (StuPa) statt. Dabei bewirbt sich Sputnik auch um Eure Stimmen, damit wir dort unsere Ideen einbringen k\u00f6nnen und die Studierendenschaft (auch der Luft- und Raumfahrt) dort repr\u00e4sentieren k\u00f6nnen. <\/p>\n<\/details>\n\n\n\n<details class=\"wp-block-details is-layout-flow wp-block-details-is-layout-flow\"><summary><strong>Erstsemestereinf\u00fchrung ins WiSe &#8211; Oktober<\/strong><\/summary>\n<p>Nach der Sommerpause geht es mit der ESE f\u00fcr das WiSe weiter. Diese ist meist genauso strukturiert wie die ESE im SoSe. Dazu geh\u00f6ren auch hier F\u00fchrungen, die Sputnik-Auftakt-Sitzung und die Einf\u00fchrungsveranstaltungen f\u00fcr die Neulinge.<\/p>\n<\/details>\n\n\n\n<details class=\"wp-block-details is-layout-flow wp-block-details-is-layout-flow\"><summary><strong>Semesterauftaktparty WiSe &#8211; Oktober \/ November<\/strong><\/summary>\n<p>Auch hier ist das Konzept \u00e4hnlich zum SoSe. F\u00fcr Euch und zum Abschluss der ESE schmei\u00dfen wir mit dem EB104 und dem TuDo-Makerspace eine geile Party zur Vernetzung oder zum (Be-) Trinken und guter Musik. Nat\u00fcrlich suchen wir auch hier immer nach helfenden H\u00e4nden. <\/p>\n<\/details>\n\n\n\n<details class=\"wp-block-details is-layout-flow wp-block-details-is-layout-flow\"><summary><strong>Weihnachtsfeier &#8211; Dezember<\/strong><\/summary>\n<p>Um das Jahr geb\u00fchrend zu beenden setzen wir uns in der Vorweihnachtszeit gem\u00fctlich beisammen und lassen das Jahr ausklingen. Dazu gibt es klassischerweise vieel Gl\u00fchweil.<\/p>\n<\/details>\n\n\n\n<details class=\"wp-block-details is-layout-flow wp-block-details-is-layout-flow\"><summary><strong>Sputnikfahrt<\/strong><\/summary>\n<p>Um einmal im Jahr Abstand zur TU Berlin und der harten (Gremien-) Arbeit zu gewinnen, fahren wir gemeinsam irgendwo hin, mieten uns dort ein Haus und st\u00f6ren die dortige Ruhe mit viel guter Laune, fetter Musik und testen die Grenzen als Gast aus. <\/p>\n<\/details>\n\n\n\n<p><\/p>\n","protected":false},"excerpt":{"rendered":"<p>Damit Euch auf dem Campus und in eurem Studi-Leben nicht langweilig wird, planen wir reichlich Veranstaltungen, viele davon zusammen mit anderen Initiativen.<\/p>\n","protected":false},"author":9,"featured_media":0,"parent":0,"menu_order":0,"comment_status":"closed","ping_status":"closed","template":"","meta":{"footnotes":""},"class_list":["post-706","page","type-page","status-publish","hentry"],"_links":{"self":[{"href":"https:\/\/sputnik.guv.tu-berlin.de\/wordpress\/wp-json\/wp\/v2\/pages\/706","targetHints":{"allow":["GET"]}}],"collection":[{"href":"https:\/\/sputnik.guv.tu-berlin.de\/wordpress\/wp-json\/wp\/v2\/pages"}],"about":[{"href":"https:\/\/sputnik.guv.tu-berlin.de\/wordpress\/wp-json\/wp\/v2\/types\/page"}],"author":[{"embeddable":true,"href":"https:\/\/sputnik.guv.tu-berlin.de\/wordpress\/wp-json\/wp\/v2\/users\/9"}],"replies":[{"embeddable":true,"href":"https:\/\/sputnik.guv.tu-berlin.de\/wordpress\/wp-json\/wp\/v2\/comments?post=706"}],"version-history":[{"count":21,"href":"https:\/\/sputnik.guv.tu-berlin.de\/wordpress\/wp-json\/wp\/v2\/pages\/706\/revisions"}],"predecessor-version":[{"id":739,"href":"https:\/\/sputnik.guv.tu-berlin.de\/wordpress\/wp-json\/wp\/v2\/pages\/706\/revisions\/739"}],"wp:attachment":[{"href":"https:\/\/sputnik.guv.tu-berlin.de\/wordpress\/wp-json\/wp\/v2\/media?parent=706"}],"curies":[{"name":"wp","href":"https:\/\/api.w.org\/{rel}","templated":true}]}}