{"id":622,"date":"2025-02-05T12:36:46","date_gmt":"2025-02-05T11:36:46","guid":{"rendered":"https:\/\/sputnik.guv.tu-berlin.de\/wordpress\/?page_id=622"},"modified":"2025-02-05T13:09:39","modified_gmt":"2025-02-05T12:09:39","slug":"beitragsarchiv","status":"publish","type":"page","link":"https:\/\/sputnik.guv.tu-berlin.de\/wordpress\/beitragsarchiv\/","title":{"rendered":"Beitragsarchiv"},"content":{"rendered":"\n<p>Im folgenden sind \u00e4ltere Beitr\u00e4ge zu Veranstaltungen und Informationen angezeigt.<\/p>\n\n\n<ul class=\"wp-block-latest-posts__list has-dates wp-block-latest-posts\"><li><a class=\"wp-block-latest-posts__post-title\" href=\"https:\/\/sputnik.guv.tu-berlin.de\/wordpress\/2025\/04\/08\/auftaktsitzung-sose-25\/\">Auftaktsitzung SoSe 25<\/a><time datetime=\"2025-04-08T10:43:41+02:00\" class=\"wp-block-latest-posts__post-date\">8. April 2025<\/time><div class=\"wp-block-latest-posts__post-excerpt\">Du willst dich genauer \u00fcber Sputnik als Initiative einbringen?Du willst nicht nur ein einfacher Studi sein, sondern dein Studium und das anderer besser machen?Du willst dich im grandiosen Hochschulleben der TU Berlin einbringen und dich und andere damit bereichern?Du willst kostenloses Essen und Getr\u00e4nke? Dann sei Willkommen zur Sputnik-Auftaktsitzung am 22.04.2025 im Weltraum \/ EB &hellip; <p class=\"link-more\"><a href=\"https:\/\/sputnik.guv.tu-berlin.de\/wordpress\/2025\/04\/08\/auftaktsitzung-sose-25\/\" class=\"more-link\"><span class=\"screen-reader-text\">\u201eAuftaktsitzung SoSe 25\u201c<\/span> weiterlesen<\/a><\/p><\/div><\/li>\n<li><a class=\"wp-block-latest-posts__post-title\" href=\"https:\/\/sputnik.guv.tu-berlin.de\/wordpress\/2025\/02\/07\/european-aerostudent-games-2024\/\">European Aerostudent Games 2024<\/a><time datetime=\"2025-02-07T13:25:36+01:00\" class=\"wp-block-latest-posts__post-date\">7. Februar 2025<\/time><div class=\"wp-block-latest-posts__post-excerpt\">Im M\u00e4rz 2024 fanden die European Aerostudent Games (EAG) in Toulouse statt. Dabei treffen sich j\u00e4hrlich Studierenden europ\u00e4ischer Universit\u00e4ten aus dem Pegasus-Netzwerk, um gegen- und miteinander in verschiedenen Sportarten anzutreten<\/div><\/li>\n<li><a class=\"wp-block-latest-posts__post-title\" href=\"https:\/\/sputnik.guv.tu-berlin.de\/wordpress\/2023\/03\/23\/erstsemesterwoche-vom-17-4-23-an\/\">Erstsemesterwoche vom 17.4.23 an<\/a><time datetime=\"2023-03-23T21:49:06+01:00\" class=\"wp-block-latest-posts__post-date\">23. M\u00e4rz 2023<\/time><div class=\"wp-block-latest-posts__post-excerpt\">F\u00fcr alle Erstsemester Verkehrswesen im Bachelor veranstalten wir zusammen mit anderen Initiativen in der ersten Uni-Woche vom 17.4 an eine Einf\u00fchrungswoche. Hier lernt ihr die wichtigsten Sachen zum Unialltag. Aber auch der Spa\u00df wird nicht zu kurz kommen. Infos dazu erhaltet ihr per E-Mail.<\/div><\/li>\n<li><a class=\"wp-block-latest-posts__post-title\" href=\"https:\/\/sputnik.guv.tu-berlin.de\/wordpress\/2021\/01\/25\/waehlt-eure-sputniks-wieder-in-den-fakultaetsrat\/\">W\u00e4hlt Eure Sputniks wieder in den Fakult\u00e4tsrat!<\/a><time datetime=\"2021-01-25T10:44:42+01:00\" class=\"wp-block-latest-posts__post-date\">25. Januar 2021<\/time><div class=\"wp-block-latest-posts__post-excerpt\">Liebe Kommiliton*innen,&nbsp; w\u00e4hlt&nbsp;\u201eListe 2: Sputnik\u201c,&nbsp;Eure pragmatische Option, wieder in den&nbsp;Fakult\u00e4tsrat! Sputnik&nbsp;[Russisch \u201edie Begleiter\/Gef\u00e4hrten\u201c] ist Deine Fachschaftsinitiative an der Fakult\u00e4t V. Herausforderungen gehen wir&nbsp;offen,&nbsp;kommunikativ&nbsp;und&nbsp;l\u00f6sungsorientiert&nbsp;an!&nbsp; Mehr Infos in unserem&nbsp;Podcast&nbsp;SputNews. Die erste Folge&nbsp;\u201cLaunch im Coronasemester\u201d&nbsp;erscheint am 31.01. um 11 Uhr&nbsp;hier. Tune in! Wof\u00fcr setzen wir uns ein? Planungssicherheit&nbsp;f\u00fcr Studis. Insbesondere&nbsp;klare Pr\u00fcfungstermine&nbsp;und Alternativen zu Pr\u00e4senzklausuren w\u00e4hrend der Pandemie Vorteile&nbsp;der &hellip; <p class=\"link-more\"><a href=\"https:\/\/sputnik.guv.tu-berlin.de\/wordpress\/2021\/01\/25\/waehlt-eure-sputniks-wieder-in-den-fakultaetsrat\/\" class=\"more-link\"><span class=\"screen-reader-text\">\u201eW\u00e4hlt Eure Sputniks wieder in den Fakult\u00e4tsrat!\u201c<\/span> weiterlesen<\/a><\/p><\/div><\/li>\n<li><a class=\"wp-block-latest-posts__post-title\" href=\"https:\/\/sputnik.guv.tu-berlin.de\/wordpress\/2021\/01\/04\/waehlt-sputnik-wieder-in-den-institutsrat-des-ilr-briefwahlantrag-deadline-06-01\/\">W\u00e4hlt Sputnik wieder in den Institutsrat des ILR \u2013 Briefwahlantrag Deadline 06.01.!<\/a><time datetime=\"2021-01-04T11:35:41+01:00\" class=\"wp-block-latest-posts__post-date\">4. Januar 2021<\/time><div class=\"wp-block-latest-posts__post-excerpt\">Liebe ILR-Studis, w\u00e4hlt \u201eListe 1 \u2013 Sputnik\u201c &#8211; Eure Luft- und Raumfahrt-Fachschaft&nbsp;wieder in den Institutsrat des ILR! Wof\u00fcr setzen wir uns ein? Vernetzung der LRT Community (Online-Events mit Industrie &amp; Forschung, Messebesuche, Studi-Projekte am ILR, Praktika, Jobs, Parties\u2026) Bachelor Luft- und Raumfahrttechnik Ein ILR-Caf\u00e9, ein ILR-Stammtisch &amp; ein weiterer PC-Pool\/Lernraum Eine Gemeinschaft f\u00fcr das Hier &hellip; <p class=\"link-more\"><a href=\"https:\/\/sputnik.guv.tu-berlin.de\/wordpress\/2021\/01\/04\/waehlt-sputnik-wieder-in-den-institutsrat-des-ilr-briefwahlantrag-deadline-06-01\/\" class=\"more-link\"><span class=\"screen-reader-text\">\u201eW\u00e4hlt Sputnik wieder in den Institutsrat des ILR \u2013 Briefwahlantrag Deadline 06.01.!\u201c<\/span> weiterlesen<\/a><\/p><\/div><\/li>\n<li><a class=\"wp-block-latest-posts__post-title\" href=\"https:\/\/sputnik.guv.tu-berlin.de\/wordpress\/2020\/12\/18\/das-ilr-stellt-sich-vor-update\/\">Das ILR stellt sich vor: Update<\/a><time datetime=\"2020-12-18T17:12:10+01:00\" class=\"wp-block-latest-posts__post-date\">18. Dezember 2020<\/time><div class=\"wp-block-latest-posts__post-excerpt\">Liebe Studis, wie versprochen haben wir all eure Fragen gesammelt und diese sind nun hier zu finden. Des Weiteren stehen dort auch die Folien der einzelnen Fachgebiete zum Download bereit. Bei weiteren Fragen k\u00f6nnt ihr euch gerne an uns wenden \ud83d\ude42 Wir w\u00fcnschen euch ein frohes und gesunden Fest und einen guten Rutsch ins neue &hellip; <p class=\"link-more\"><a href=\"https:\/\/sputnik.guv.tu-berlin.de\/wordpress\/2020\/12\/18\/das-ilr-stellt-sich-vor-update\/\" class=\"more-link\"><span class=\"screen-reader-text\">\u201eDas ILR stellt sich vor: Update\u201c<\/span> weiterlesen<\/a><\/p><\/div><\/li>\n<li><a class=\"wp-block-latest-posts__post-title\" href=\"https:\/\/sputnik.guv.tu-berlin.de\/wordpress\/2020\/12\/09\/das-irl-stellt-sich-vor-14-12-2020\/\">14.12.2020 &#8211; Das ILR stellt sich vor<\/a><time datetime=\"2020-12-09T11:47:14+01:00\" class=\"wp-block-latest-posts__post-date\">9. Dezember 2020<\/time><div class=\"wp-block-latest-posts__post-excerpt\">Liebe Studis, endlich ist es wieder soweit! Die Dozierenden des ILRs bringen euch die Fachgebiete n\u00e4her, ihr k\u00f6nnt eure Fragen stellen und einen ersten Einblick in euer zuk\u00fcnftiges Forschungs- und Arbeitsgebiet gewinnen. Da es dieses Mal online stattfindet, sind wir nicht auf eine Teilnehmerzahl begrenzt. Der Ablauf:&#8211; 16 bis 17 Uhr: Die Fachgebiete stellen sich &hellip; <p class=\"link-more\"><a href=\"https:\/\/sputnik.guv.tu-berlin.de\/wordpress\/2020\/12\/09\/das-irl-stellt-sich-vor-14-12-2020\/\" class=\"more-link\"><span class=\"screen-reader-text\">\u201e14.12.2020 &#8211; Das ILR stellt sich vor\u201c<\/span> weiterlesen<\/a><\/p><\/div><\/li>\n<li><a class=\"wp-block-latest-posts__post-title\" href=\"https:\/\/sputnik.guv.tu-berlin.de\/wordpress\/2020\/05\/29\/30-05-20-uhr-spacex-launch-die-2te-sputnik-friends\/\">30.05 &#8211; 20 Uhr: SpaceX Launch die 2te. &#8211; Sputnik &#038; Friends<\/a><time datetime=\"2020-05-29T08:43:58+02:00\" class=\"wp-block-latest-posts__post-date\">29. Mai 2020<\/time><div class=\"wp-block-latest-posts__post-excerpt\">Der Launch wurde auf Samstag Abend verschoben und auch wir sind wieder dabei! Was ist geplant? &#8211; Gemeinsam den SpaceX Launch schauen&#8211; Wir unterhalten uns gemeinsam \u00fcber aktuelle Themen der Uni und der Luft- &amp; Raumfahrt &#8211; Wir plaudern ein wenig aus dem N\u00e4hk\u00e4stchen und erz\u00e4hlen euch was und wen wir durch Sputnik spannendes erlebt &hellip; <p class=\"link-more\"><a href=\"https:\/\/sputnik.guv.tu-berlin.de\/wordpress\/2020\/05\/29\/30-05-20-uhr-spacex-launch-die-2te-sputnik-friends\/\" class=\"more-link\"><span class=\"screen-reader-text\">\u201e30.05 &#8211; 20 Uhr: SpaceX Launch die 2te. &#8211; Sputnik &#038; Friends\u201c<\/span> weiterlesen<\/a><\/p><\/div><\/li>\n<li><a class=\"wp-block-latest-posts__post-title\" href=\"https:\/\/sputnik.guv.tu-berlin.de\/wordpress\/2020\/05\/22\/ii-vernetzungsabend-home-spacex-launch-27-05-20-uhr\/\">ii. Vernetzungsabend @Home: SpaceX Launch &#8211; 27.05 &#8211; 20 Uhr<\/a><time datetime=\"2020-05-22T11:26:03+02:00\" class=\"wp-block-latest-posts__post-date\">22. Mai 2020<\/time><div class=\"wp-block-latest-posts__post-excerpt\">Was ist geplant?&#8211; Vernetzungsabend @Home&#8211; Thema: bemannte Raumfahrt &amp; SpaceX Launch Live&#8211; ab 20 Uhr k\u00f6nnt ihr dem Gruppenchat beitreten (Passwort: 27052020)&#8211; Wir unterhalten uns gemeinsam \u00fcber aktuelle Themen der Uni und der Luft- &amp; Raumfahrt G\u00e4ste:&#8211; Dr. Martin von der Ohe: WiMi am Fachgebiet Raumfahrttechnik&#8211; Oliver Amend: Vice-Chair bei ARISS und Mitarbeiter von OHB&#8211; &hellip; <p class=\"link-more\"><a href=\"https:\/\/sputnik.guv.tu-berlin.de\/wordpress\/2020\/05\/22\/ii-vernetzungsabend-home-spacex-launch-27-05-20-uhr\/\" class=\"more-link\"><span class=\"screen-reader-text\">\u201eii. Vernetzungsabend @Home: SpaceX Launch &#8211; 27.05 &#8211; 20 Uhr\u201c<\/span> weiterlesen<\/a><\/p><\/div><\/li>\n<li><a class=\"wp-block-latest-posts__post-title\" href=\"https:\/\/sputnik.guv.tu-berlin.de\/wordpress\/2020\/04\/26\/drinks-vernetzungsabend-home-30-04-18-uhr\/\">Drinks- &#038; Vernetzungsabend @Home &#8211; 30.04 &#8211; 18 Uhr<\/a><time datetime=\"2020-04-26T16:47:19+02:00\" class=\"wp-block-latest-posts__post-date\">26. April 2020<\/time><div class=\"wp-block-latest-posts__post-excerpt\">Aufgrund der &#8222;Coront\u00e4ne&#8220; findet unsere Semesterauftaktparty leider nicht statt&#8230;. ABER Zusammen mit dem jungen Senat der DGLR (diejenigen mit denen ihr euch bei &#8222;Bier &amp; Bretzeln&#8220; \u00fcber Luft- &amp; Raumfahrtthemen austauscht) und Warsteiner haben wir uns was cooles f\u00fcr euch einfallen lassen! Was ist geplant?&#8211; Drinks- &amp; Vernetzungsabend @Home&#8211; Ab 18 Uhr gibt es einen &hellip; <p class=\"link-more\"><a href=\"https:\/\/sputnik.guv.tu-berlin.de\/wordpress\/2020\/04\/26\/drinks-vernetzungsabend-home-30-04-18-uhr\/\" class=\"more-link\"><span class=\"screen-reader-text\">\u201eDrinks- &#038; Vernetzungsabend @Home &#8211; 30.04 &#8211; 18 Uhr\u201c<\/span> weiterlesen<\/a><\/p><\/div><\/li>\n<li><a class=\"wp-block-latest-posts__post-title\" href=\"https:\/\/sputnik.guv.tu-berlin.de\/wordpress\/2020\/04\/11\/sose2020-module-am-ilr\/\">SoSe2020 &#8211; Module am ILR<\/a><time datetime=\"2020-04-11T14:01:33+02:00\" class=\"wp-block-latest-posts__post-date\">11. April 2020<\/time><div class=\"wp-block-latest-posts__post-excerpt\">Liebe Studis, durch die einschr\u00e4nkenden Ma\u00dfnahmen wird an der ganzen Uni das Lehrangebot etwas kompakter ausfallen, so auch am ILR. Um euch etwas Sucharbeit zu ersparen, fassen wir f\u00fcr euch die angebotenen Module nach Fachgebieten zusammen: FMRA: Flugmechanik II, Methoden der Regelungstechnik, Experimentelle Flugmechanik II, Aeroelastik II &amp; Flugversuchspraktikum Aero: Aerodynamik I &amp; Aerothermodynamik II &hellip; <p class=\"link-more\"><a href=\"https:\/\/sputnik.guv.tu-berlin.de\/wordpress\/2020\/04\/11\/sose2020-module-am-ilr\/\" class=\"more-link\"><span class=\"screen-reader-text\">\u201eSoSe2020 &#8211; Module am ILR\u201c<\/span> weiterlesen<\/a><\/p><\/div><\/li>\n<li><a class=\"wp-block-latest-posts__post-title\" href=\"https:\/\/sputnik.guv.tu-berlin.de\/wordpress\/2018\/05\/22\/esa-raumfahrt-hackathon-an-der-tu-berlin\/\">ESA Raumfahrt-Hackathon an der TU Berlin<\/a><time datetime=\"2018-05-22T10:36:31+02:00\" class=\"wp-block-latest-posts__post-date\">22. Mai 2018<\/time><div class=\"wp-block-latest-posts__post-excerpt\">Sputnik unterst\u00fctzt die ActInSpace Challenge an der TU Berlin! Am 25. &#8211; 26. Mai veranstaltet das European Institut of Technology einen 24st\u00fcndigen Raumfahrt-Hackathon. Hauptsponsoren sind die europ\u00e4ische und franz\u00f6sische Raumfahrtagenturen ESA und CNES. Bis zu 50 Teilnehmer entwickeln innerhalb der 24 Stunden neue innovative Ideen auf der Basis von Patenten der ESA und CNES. Sputnik &hellip; <p class=\"link-more\"><a href=\"https:\/\/sputnik.guv.tu-berlin.de\/wordpress\/2018\/05\/22\/esa-raumfahrt-hackathon-an-der-tu-berlin\/\" class=\"more-link\"><span class=\"screen-reader-text\">\u201eESA Raumfahrt-Hackathon an der TU Berlin\u201c<\/span> weiterlesen<\/a><\/p><\/div><\/li>\n<li><a class=\"wp-block-latest-posts__post-title\" href=\"https:\/\/sputnik.guv.tu-berlin.de\/wordpress\/2018\/04\/28\/die-ila-2018-und-sputnik\/\">Die ILA 2018 und Sputnik<\/a><time datetime=\"2018-04-28T12:57:04+02:00\" class=\"wp-block-latest-posts__post-date\">28. April 2018<\/time><div class=\"wp-block-latest-posts__post-excerpt\">Wir von Sputnik waren gestern auf der ILA und hatten einfach eine sehr spannenden und sch\u00f6nen Tag. Auch das Wetter hat mit gespielt zum Gl\u00fcck. F\u00fcr ein paar Eindr\u00fccke von der ILA, besucht unsere Facebook Seite auf&#8230; Facebook.com\/tusputnik. Danke an die Ariane Group f\u00fcr die vielen Karten. Eure Sputniks<\/div><\/li>\n<li><a class=\"wp-block-latest-posts__post-title\" href=\"https:\/\/sputnik.guv.tu-berlin.de\/wordpress\/2018\/04\/26\/ese-party-vom-27-04-wird-verschoben\/\">ESE Party vom 27.04. wird verschoben<\/a><time datetime=\"2018-04-26T14:35:46+02:00\" class=\"wp-block-latest-posts__post-date\">26. April 2018<\/time><div class=\"wp-block-latest-posts__post-excerpt\">Liebe Sputniks, unsere angek\u00fcndigte ESE Party morgen zusammen mit dem Wiwi Caf\u00e9 etc wird verschoben!!! Aktuell ist der Plan die Party am 25.05 stattfinden zu lassen. Bitte verteilt die Kunde damit keiner morgen ohne Bier in den Samstag rein feiern muss! Cheers!<\/div><\/li>\n<li><a class=\"wp-block-latest-posts__post-title\" href=\"https:\/\/sputnik.guv.tu-berlin.de\/wordpress\/2018\/04\/25\/hiwijobs-am-ilr-bewerbung-bis-freitag-27-04-18\/\">Hiwijobs am ILR. BEWERBUNG BIS Freitag 27.04.18<\/a><time datetime=\"2018-04-25T18:57:10+02:00\" class=\"wp-block-latest-posts__post-date\">25. April 2018<\/time><div class=\"wp-block-latest-posts__post-excerpt\">Hi Sputniks, kurzfristig gibt es am ILR Hiwijobs zu besetzen. Checkt mal unseren Facebookbeitrag daf\u00fcr aus und bewerbt euch! facebook.com\/tusputnik Bye<\/div><\/li>\n<li><a class=\"wp-block-latest-posts__post-title\" href=\"https:\/\/sputnik.guv.tu-berlin.de\/wordpress\/2018\/04\/10\/erstsemestereinfuehrung-an-der-tu-berlin\/\">Erstsemestereinf\u00fchrung an der TU Berlin<\/a><time datetime=\"2018-04-10T17:46:15+02:00\" class=\"wp-block-latest-posts__post-date\">10. April 2018<\/time><div class=\"wp-block-latest-posts__post-excerpt\">Sputnik f\u00fchrt euch erfolgreich in des neue Semester! Zusammen mit der Studienberatung und dem EB104 werden wir eine ganze Woche mit euch verbringen und bieten viele Aktivit\u00e4ten, damit ihr optimal ins Studium startet! Das Programm und Einzelheiten folgen hier. Wir freuen uns auf euch!<\/div><\/li>\n<\/ul>\n\n\n<p><\/p>\n","protected":false},"excerpt":{"rendered":"<p>Im folgenden sind \u00e4ltere Beitr\u00e4ge zu Veranstaltungen und Informationen angezeigt.<\/p>\n","protected":false},"author":9,"featured_media":0,"parent":0,"menu_order":0,"comment_status":"closed","ping_status":"closed","template":"","meta":{"footnotes":""},"class_list":["post-622","page","type-page","status-publish","hentry"],"_links":{"self":[{"href":"https:\/\/sputnik.guv.tu-berlin.de\/wordpress\/wp-json\/wp\/v2\/pages\/622","targetHints":{"allow":["GET"]}}],"collection":[{"href":"https:\/\/sputnik.guv.tu-berlin.de\/wordpress\/wp-json\/wp\/v2\/pages"}],"about":[{"href":"https:\/\/sputnik.guv.tu-berlin.de\/wordpress\/wp-json\/wp\/v2\/types\/page"}],"author":[{"embeddable":true,"href":"https:\/\/sputnik.guv.tu-berlin.de\/wordpress\/wp-json\/wp\/v2\/users\/9"}],"replies":[{"embeddable":true,"href":"https:\/\/sputnik.guv.tu-berlin.de\/wordpress\/wp-json\/wp\/v2\/comments?post=622"}],"version-history":[{"count":4,"href":"https:\/\/sputnik.guv.tu-berlin.de\/wordpress\/wp-json\/wp\/v2\/pages\/622\/revisions"}],"predecessor-version":[{"id":646,"href":"https:\/\/sputnik.guv.tu-berlin.de\/wordpress\/wp-json\/wp\/v2\/pages\/622\/revisions\/646"}],"wp:attachment":[{"href":"https:\/\/sputnik.guv.tu-berlin.de\/wordpress\/wp-json\/wp\/v2\/media?parent=622"}],"curies":[{"name":"wp","href":"https:\/\/api.w.org\/{rel}","templated":true}]}}